{"id":1232,"date":"2011-06-25T23:36:55","date_gmt":"2011-06-25T16:36:55","guid":{"rendered":"http:\/\/proceskhmersrouges.net\/wp-content\/uploads\/2011\/06\/Mom-Kim-S\u00e8n-2.jpg"},"modified":"2011-06-25T23:36:55","modified_gmt":"2011-06-25T16:36:55","slug":"mom-kim-sen-2-2","status":"inherit","type":"attachment","link":"https:\/\/proceskhmersrouges.net\/?attachment_id=1232","title":{"rendered":"Mom Kim S\u00e8n 2"},"author":1,"comment_status":"open","ping_status":"open","template":"","meta":[],"description":{"rendered":"<p class=\"attachment\"><a href='https:\/\/proceskhmersrouges.net\/wp-content\/uploads\/2011\/06\/Mom-Kim-S\u00e8n-2.jpg'><img width=\"300\" height=\"225\" src=\"https:\/\/proceskhmersrouges.net\/wp-content\/uploads\/2011\/06\/Mom-Kim-S\u00e8n-2-300x225.jpg\" class=\"attachment-medium size-medium\" alt=\"\" loading=\"lazy\" srcset=\"https:\/\/proceskhmersrouges.net\/wp-content\/uploads\/2011\/06\/Mom-Kim-S\u00e8n-2-300x225.jpg 300w, https:\/\/proceskhmersrouges.net\/wp-content\/uploads\/2011\/06\/Mom-Kim-S\u00e8n-2-150x112.jpg 150w, https:\/\/proceskhmersrouges.net\/wp-content\/uploads\/2011\/06\/Mom-Kim-S\u00e8n-2.jpg 400w\" sizes=\"100vw\" \/><\/a><\/p>\n"},"caption":{"rendered":"<p>Sur les panneaux du mus\u00e9e de Toul Sleng, Mom Kim S\u00e8n a retrouv\u00e9 sa propre photo ainsi que celle de sa s\u0153ur et de sa m\u00e8re. (Anne-Laure Por\u00e9e)<\/p>\n"},"alt_text":"","media_type":"image","mime_type":"image\/jpeg","media_details":{"width":"400","height":"300","hwstring_small":"height='96' width='128'","file":"2011\/06\/Mom-Kim-S\u00e8n-2.jpg","sizes":{"thumbnail":{"file":"Mom-Kim-S\u00e8n-2-150x112.jpg","width":"150","height":"112","source_url":"https:\/\/proceskhmersrouges.net\/wp-content\/uploads\/2011\/06\/Mom-Kim-S\u00e8n-2-150x112.jpg"},"medium":{"file":"Mom-Kim-S\u00e8n-2-300x225.jpg","width":"300","height":"225","source_url":"https:\/\/proceskhmersrouges.net\/wp-content\/uploads\/2011\/06\/Mom-Kim-S\u00e8n-2-300x225.jpg"},"full":{"file":"Mom-Kim-S\u00e8n-2.jpg","width":400,"height":300,"mime_type":"image\/jpeg","source_url":"https:\/\/proceskhmersrouges.net\/wp-content\/uploads\/2011\/06\/Mom-Kim-S\u00e8n-2.jpg"}},"image_meta":{"aperture":"2.8","credit":"","camera":"Canon PowerShot G9","caption":"","created_timestamp":"1306832893","copyright":"","focal_length":"7.4","iso":"200","shutter_speed":"0.033333333333333","title":""}},"post":1223,"source_url":"https:\/\/proceskhmersrouges.net\/wp-content\/uploads\/2011\/06\/Mom-Kim-S\u00e8n-2.jpg","_links":{"self":[{"href":"https:\/\/proceskhmersrouges.net\/index.php?rest_route=\/wp\/v2\/media\/1232"}],"collection":[{"href":"https:\/\/proceskhmersrouges.net\/index.php?rest_route=\/wp\/v2\/media"}],"about":[{"href":"https:\/\/proceskhmersrouges.net\/index.php?rest_route=\/wp\/v2\/types\/attachment"}],"author":[{"embeddable":true,"href":"https:\/\/proceskhmersrouges.net\/index.php?rest_route=\/wp\/v2\/users\/1"}],"replies":[{"embeddable":true,"href":"https:\/\/proceskhmersrouges.net\/index.php?rest_route=%2Fwp%2Fv2%2Fcomments&post=1232"}]}}

http://proceskhmersrouges.net/wp-content/uploads/2011/06/Mom-Kim-Sèn-2.jpg

Mom Kim Sèn 2

<p class="attachment"><a href='https://proceskhmersrouges.net/wp-content/uploads/2011/06/Mom-Kim-Sèn-2.jpg'><img width="300" height="225" src="https://proceskhmersrouges.net/wp-content/uploads/2011/06/Mom-Kim-Sèn-2-300x225.jpg" class="attachment-medium size-medium" alt="" loading="lazy" srcset="https://proceskhmersrouges.net/wp-content/uploads/2011/06/Mom-Kim-Sèn-2-300x225.jpg 300w, https://proceskhmersrouges.net/wp-content/uploads/2011/06/Mom-Kim-Sèn-2-150x112.jpg 150w, https://proceskhmersrouges.net/wp-content/uploads/2011/06/Mom-Kim-Sèn-2.jpg 400w" sizes="100vw" /></a></p>

<p>Sur les panneaux du musée de Toul Sleng, Mom Kim Sèn a retrouvé sa propre photo ainsi que celle de sa sœur et de sa mère. (Anne-Laure Porée)</p>

2011/06/Mom-Kim-Sèn-2.jpg

Mom-Kim-Sèn-2-150x112.jpg

https://proceskhmersrouges.net/wp-content/uploads/2011/06/Mom-Kim-Sèn-2-150x112.jpg

Mom-Kim-Sèn-2-300x225.jpg

https://proceskhmersrouges.net/wp-content/uploads/2011/06/Mom-Kim-Sèn-2-300x225.jpg

Mom-Kim-Sèn-2.jpg

https://proceskhmersrouges.net/wp-content/uploads/2011/06/Mom-Kim-Sèn-2.jpg
