{"id":1249,"date":"2011-06-28T00:02:14","date_gmt":"2011-06-27T17:02:14","guid":{"rendered":"http:\/\/proceskhmersrouges.net\/wp-content\/uploads\/2011\/06\/ieng-sary.jpg"},"modified":"2011-06-28T00:02:14","modified_gmt":"2011-06-27T17:02:14","slug":"ieng-sary","status":"inherit","type":"attachment","link":"https:\/\/proceskhmersrouges.net\/?attachment_id=1249","title":{"rendered":"ieng sary"},"author":1,"comment_status":"open","ping_status":"open","template":"","meta":[],"description":{"rendered":"<p class=\"attachment\"><a href='https:\/\/proceskhmersrouges.net\/wp-content\/uploads\/2011\/06\/ieng-sary.jpg'><img width=\"200\" height=\"271\" src=\"https:\/\/proceskhmersrouges.net\/wp-content\/uploads\/2011\/06\/ieng-sary.jpg\" class=\"attachment-medium size-medium\" alt=\"\" loading=\"lazy\" srcset=\"https:\/\/proceskhmersrouges.net\/wp-content\/uploads\/2011\/06\/ieng-sary.jpg 200w, https:\/\/proceskhmersrouges.net\/wp-content\/uploads\/2011\/06\/ieng-sary-110x150.jpg 110w\" sizes=\"100vw\" \/><\/a><\/p>\n"},"caption":{"rendered":"<p>Ieng Sary, ancien ministre des Affaires \u00e9trang\u00e8res, qui a rappel\u00e9 les Cambodgiens de l&rsquo;\u00e9tranger \u00e0 revenir servir le r\u00e9gime khmer rouge. Un retour qui a conduit la majorit\u00e9 d&rsquo;entre eux \u00e0 la mort. (Anne-Laure Por\u00e9e)<\/p>\n"},"alt_text":"","media_type":"image","mime_type":"image\/jpeg","media_details":{"width":"200","height":"271","hwstring_small":"height='96' width='70'","file":"2011\/06\/ieng-sary.jpg","sizes":{"thumbnail":{"file":"ieng-sary-110x150.jpg","width":"110","height":"150","source_url":"https:\/\/proceskhmersrouges.net\/wp-content\/uploads\/2011\/06\/ieng-sary-110x150.jpg"},"full":{"file":"ieng-sary.jpg","width":200,"height":271,"mime_type":"image\/jpeg","source_url":"https:\/\/proceskhmersrouges.net\/wp-content\/uploads\/2011\/06\/ieng-sary.jpg"}},"image_meta":{"aperture":"4.8","credit":"","camera":"Canon PowerShot G9","caption":"","created_timestamp":"1309172952","copyright":"","focal_length":"44.4","iso":"200","shutter_speed":"0.05","title":""}},"post":1246,"source_url":"https:\/\/proceskhmersrouges.net\/wp-content\/uploads\/2011\/06\/ieng-sary.jpg","_links":{"self":[{"href":"https:\/\/proceskhmersrouges.net\/index.php?rest_route=\/wp\/v2\/media\/1249"}],"collection":[{"href":"https:\/\/proceskhmersrouges.net\/index.php?rest_route=\/wp\/v2\/media"}],"about":[{"href":"https:\/\/proceskhmersrouges.net\/index.php?rest_route=\/wp\/v2\/types\/attachment"}],"author":[{"embeddable":true,"href":"https:\/\/proceskhmersrouges.net\/index.php?rest_route=\/wp\/v2\/users\/1"}],"replies":[{"embeddable":true,"href":"https:\/\/proceskhmersrouges.net\/index.php?rest_route=%2Fwp%2Fv2%2Fcomments&post=1249"}]}}

<p>Ieng Sary, ancien ministre des Affaires étrangères, qui a rappelé les Cambodgiens de l&rsquo;étranger à revenir servir le régime khmer rouge. Un retour qui a conduit la majorité d&rsquo;entre eux à la mort. (Anne-Laure Porée)</p>
