{"id":1250,"date":"2011-06-28T00:04:54","date_gmt":"2011-06-27T17:04:54","guid":{"rendered":"http:\/\/proceskhmersrouges.net\/wp-content\/uploads\/2011\/06\/blog-khieu-samphan.jpg"},"modified":"2011-06-28T00:04:54","modified_gmt":"2011-06-27T17:04:54","slug":"blog-khieu-samphan","status":"inherit","type":"attachment","link":"https:\/\/proceskhmersrouges.net\/?attachment_id=1250","title":{"rendered":"blog khieu samphan"},"author":1,"comment_status":"open","ping_status":"open","template":"","meta":[],"description":{"rendered":"<p class=\"attachment\"><a href='https:\/\/proceskhmersrouges.net\/wp-content\/uploads\/2011\/06\/blog-khieu-samphan.jpg'><img width=\"250\" height=\"270\" src=\"https:\/\/proceskhmersrouges.net\/wp-content\/uploads\/2011\/06\/blog-khieu-samphan.jpg\" class=\"attachment-medium size-medium\" alt=\"\" loading=\"lazy\" srcset=\"https:\/\/proceskhmersrouges.net\/wp-content\/uploads\/2011\/06\/blog-khieu-samphan.jpg 250w, https:\/\/proceskhmersrouges.net\/wp-content\/uploads\/2011\/06\/blog-khieu-samphan-138x150.jpg 138w\" sizes=\"100vw\" \/><\/a><\/p>\n"},"caption":{"rendered":"<p>Khieu Samphan a \u00e9t\u00e9 chef de l&rsquo;Etat du Kampuchea d\u00e9mocratique. (Anne-Laure Por\u00e9e)<\/p>\n"},"alt_text":"","media_type":"image","mime_type":"image\/jpeg","media_details":{"width":"250","height":"270","hwstring_small":"height='96' width='88'","file":"2011\/06\/blog-khieu-samphan.jpg","sizes":{"thumbnail":{"file":"blog-khieu-samphan-138x150.jpg","width":"138","height":"150","source_url":"https:\/\/proceskhmersrouges.net\/wp-content\/uploads\/2011\/06\/blog-khieu-samphan-138x150.jpg"},"full":{"file":"blog-khieu-samphan.jpg","width":250,"height":270,"mime_type":"image\/jpeg","source_url":"https:\/\/proceskhmersrouges.net\/wp-content\/uploads\/2011\/06\/blog-khieu-samphan.jpg"}},"image_meta":{"aperture":"4.5","credit":"","camera":"Canon PowerShot G9","caption":"","created_timestamp":"1309173900","copyright":"","focal_length":"36.781","iso":"200","shutter_speed":"0.025","title":""}},"post":1246,"source_url":"https:\/\/proceskhmersrouges.net\/wp-content\/uploads\/2011\/06\/blog-khieu-samphan.jpg","_links":{"self":[{"href":"https:\/\/proceskhmersrouges.net\/index.php?rest_route=\/wp\/v2\/media\/1250"}],"collection":[{"href":"https:\/\/proceskhmersrouges.net\/index.php?rest_route=\/wp\/v2\/media"}],"about":[{"href":"https:\/\/proceskhmersrouges.net\/index.php?rest_route=\/wp\/v2\/types\/attachment"}],"author":[{"embeddable":true,"href":"https:\/\/proceskhmersrouges.net\/index.php?rest_route=\/wp\/v2\/users\/1"}],"replies":[{"embeddable":true,"href":"https:\/\/proceskhmersrouges.net\/index.php?rest_route=%2Fwp%2Fv2%2Fcomments&post=1250"}]}}

<p>Khieu Samphan a été chef de l&rsquo;Etat du Kampuchea démocratique. (Anne-Laure Porée)</p>
