{"id":1270,"date":"2011-06-29T01:12:46","date_gmt":"2011-06-28T18:12:46","guid":{"rendered":"http:\/\/proceskhmersrouges.net\/wp-content\/uploads\/2011\/06\/sary-ok.jpg"},"modified":"2011-06-29T01:12:46","modified_gmt":"2011-06-28T18:12:46","slug":"sary-ok","status":"inherit","type":"attachment","link":"https:\/\/proceskhmersrouges.net\/?attachment_id=1270","title":{"rendered":"sary ok"},"author":1,"comment_status":"open","ping_status":"open","template":"","meta":[],"description":{"rendered":"<p class=\"attachment\"><a href='https:\/\/proceskhmersrouges.net\/wp-content\/uploads\/2011\/06\/sary-ok.jpg'><img width=\"300\" height=\"183\" src=\"https:\/\/proceskhmersrouges.net\/wp-content\/uploads\/2011\/06\/sary-ok-300x183.jpg\" class=\"attachment-medium size-medium\" alt=\"\" loading=\"lazy\" srcset=\"https:\/\/proceskhmersrouges.net\/wp-content\/uploads\/2011\/06\/sary-ok-300x183.jpg 300w, https:\/\/proceskhmersrouges.net\/wp-content\/uploads\/2011\/06\/sary-ok-150x91.jpg 150w, https:\/\/proceskhmersrouges.net\/wp-content\/uploads\/2011\/06\/sary-ok.jpg 500w\" sizes=\"100vw\" \/><\/a><\/p>\n"},"caption":{"rendered":"<p>L&rsquo;ancien ministre des Affaires \u00e9trang\u00e8res khmer rouge, Ieng Sary, sort r\u00e9guli\u00e8rement du pr\u00e9toire et invoque des probl\u00e8mes de sant\u00e9 pour quitter les audiences. (CETC)<\/p>\n"},"alt_text":"","media_type":"image","mime_type":"image\/jpeg","media_details":{"width":"500","height":"305","hwstring_small":"height='78' width='128'","file":"2011\/06\/sary-ok.jpg","sizes":{"thumbnail":{"file":"sary-ok-150x91.jpg","width":"150","height":"91","source_url":"https:\/\/proceskhmersrouges.net\/wp-content\/uploads\/2011\/06\/sary-ok-150x91.jpg"},"medium":{"file":"sary-ok-300x183.jpg","width":"300","height":"183","source_url":"https:\/\/proceskhmersrouges.net\/wp-content\/uploads\/2011\/06\/sary-ok-300x183.jpg"},"full":{"file":"sary-ok.jpg","width":500,"height":305,"mime_type":"image\/jpeg","source_url":"https:\/\/proceskhmersrouges.net\/wp-content\/uploads\/2011\/06\/sary-ok.jpg"}},"image_meta":{"aperture":"0","credit":"MARK PETERS","camera":"","caption":"","created_timestamp":"0","copyright":"MARK PETERS","focal_length":"0","iso":"0","shutter_speed":"0","title":""}},"post":1269,"source_url":"https:\/\/proceskhmersrouges.net\/wp-content\/uploads\/2011\/06\/sary-ok.jpg","_links":{"self":[{"href":"https:\/\/proceskhmersrouges.net\/index.php?rest_route=\/wp\/v2\/media\/1270"}],"collection":[{"href":"https:\/\/proceskhmersrouges.net\/index.php?rest_route=\/wp\/v2\/media"}],"about":[{"href":"https:\/\/proceskhmersrouges.net\/index.php?rest_route=\/wp\/v2\/types\/attachment"}],"author":[{"embeddable":true,"href":"https:\/\/proceskhmersrouges.net\/index.php?rest_route=\/wp\/v2\/users\/1"}],"replies":[{"embeddable":true,"href":"https:\/\/proceskhmersrouges.net\/index.php?rest_route=%2Fwp%2Fv2%2Fcomments&post=1270"}]}}

<p>L&rsquo;ancien ministre des Affaires étrangères khmer rouge, Ieng Sary, sort régulièrement du prétoire et invoque des problèmes de santé pour quitter les audiences. (CETC)</p>
