{"id":1299,"date":"2011-06-30T16:28:06","date_gmt":"2011-06-30T09:28:06","guid":{"rendered":"http:\/\/proceskhmersrouges.net\/wp-content\/uploads\/2011\/06\/bou-meng.jpg"},"modified":"2011-06-30T16:28:06","modified_gmt":"2011-06-30T09:28:06","slug":"bou-meng","status":"inherit","type":"attachment","link":"https:\/\/proceskhmersrouges.net\/?attachment_id=1299","title":{"rendered":"bou meng"},"author":1,"comment_status":"open","ping_status":"open","template":"","meta":[],"description":{"rendered":"<p class=\"attachment\"><a href='https:\/\/proceskhmersrouges.net\/wp-content\/uploads\/2011\/06\/bou-meng.jpg'><img width=\"223\" height=\"300\" src=\"https:\/\/proceskhmersrouges.net\/wp-content\/uploads\/2011\/06\/bou-meng-223x300.jpg\" class=\"attachment-medium size-medium\" alt=\"\" loading=\"lazy\" srcset=\"https:\/\/proceskhmersrouges.net\/wp-content\/uploads\/2011\/06\/bou-meng-223x300.jpg 223w, https:\/\/proceskhmersrouges.net\/wp-content\/uploads\/2011\/06\/bou-meng-111x150.jpg 111w, https:\/\/proceskhmersrouges.net\/wp-content\/uploads\/2011\/06\/bou-meng.jpg 250w\" sizes=\"100vw\" \/><\/a><\/p>\n"},"caption":{"rendered":"<p>Bou Meng, rescap\u00e9 de S21, \u00e0 la sortie de l&rsquo;audience le 30 juin 2011. (Anne-Laure Por\u00e9e)<\/p>\n"},"alt_text":"","media_type":"image","mime_type":"image\/jpeg","media_details":{"width":"250","height":"335","hwstring_small":"height='96' width='71'","file":"2011\/06\/bou-meng.jpg","sizes":{"thumbnail":{"file":"bou-meng-111x150.jpg","width":"111","height":"150","source_url":"https:\/\/proceskhmersrouges.net\/wp-content\/uploads\/2011\/06\/bou-meng-111x150.jpg"},"medium":{"file":"bou-meng-223x300.jpg","width":"223","height":"300","source_url":"https:\/\/proceskhmersrouges.net\/wp-content\/uploads\/2011\/06\/bou-meng-223x300.jpg"},"full":{"file":"bou-meng.jpg","width":250,"height":335,"mime_type":"image\/jpeg","source_url":"https:\/\/proceskhmersrouges.net\/wp-content\/uploads\/2011\/06\/bou-meng.jpg"}},"image_meta":{"aperture":"4","credit":"","camera":"Canon PowerShot G9","caption":"","created_timestamp":"1309432268","copyright":"","focal_length":"7.4","iso":"80","shutter_speed":"0.00125","title":""}},"post":1298,"source_url":"https:\/\/proceskhmersrouges.net\/wp-content\/uploads\/2011\/06\/bou-meng.jpg","_links":{"self":[{"href":"https:\/\/proceskhmersrouges.net\/index.php?rest_route=\/wp\/v2\/media\/1299"}],"collection":[{"href":"https:\/\/proceskhmersrouges.net\/index.php?rest_route=\/wp\/v2\/media"}],"about":[{"href":"https:\/\/proceskhmersrouges.net\/index.php?rest_route=\/wp\/v2\/types\/attachment"}],"author":[{"embeddable":true,"href":"https:\/\/proceskhmersrouges.net\/index.php?rest_route=\/wp\/v2\/users\/1"}],"replies":[{"embeddable":true,"href":"https:\/\/proceskhmersrouges.net\/index.php?rest_route=%2Fwp%2Fv2%2Fcomments&post=1299"}]}}

<p>Bou Meng, rescapé de S21, à la sortie de l&rsquo;audience le 30 juin 2011. (Anne-Laure Porée)</p>
