{"id":1303,"date":"2011-07-01T00:17:59","date_gmt":"2011-06-30T17:17:59","guid":{"rendered":"http:\/\/proceskhmersrouges.net\/wp-content\/uploads\/2011\/07\/Bonzes-dans-le-public.jpg"},"modified":"2011-07-01T00:17:59","modified_gmt":"2011-06-30T17:17:59","slug":"bonzes-dans-le-public","status":"inherit","type":"attachment","link":"https:\/\/proceskhmersrouges.net\/?attachment_id=1303","title":{"rendered":"Bonzes dans le public"},"author":1,"comment_status":"open","ping_status":"open","template":"","meta":[],"description":{"rendered":"<p class=\"attachment\"><a href='https:\/\/proceskhmersrouges.net\/wp-content\/uploads\/2011\/07\/Bonzes-dans-le-public.jpg'><img width=\"300\" height=\"199\" src=\"https:\/\/proceskhmersrouges.net\/wp-content\/uploads\/2011\/07\/Bonzes-dans-le-public-300x199.jpg\" class=\"attachment-medium size-medium\" alt=\"\" loading=\"lazy\" srcset=\"https:\/\/proceskhmersrouges.net\/wp-content\/uploads\/2011\/07\/Bonzes-dans-le-public-300x199.jpg 300w, https:\/\/proceskhmersrouges.net\/wp-content\/uploads\/2011\/07\/Bonzes-dans-le-public-150x99.jpg 150w, https:\/\/proceskhmersrouges.net\/wp-content\/uploads\/2011\/07\/Bonzes-dans-le-public.jpg 500w\" sizes=\"100vw\" \/><\/a><\/p>\n"},"caption":{"rendered":"<p>A chaque journ\u00e9e d&rsquo;audience, des groupes de bonzes viennent \u00e9couter les d\u00e9bats. Mercredi 29 juin, ils ont entre autres entendu les demandes de r\u00e9parations des parties civiles. (CETC)<\/p>\n"},"alt_text":"","media_type":"image","mime_type":"image\/jpeg","media_details":{"width":"500","height":"333","hwstring_small":"height='85' width='128'","file":"2011\/07\/Bonzes-dans-le-public.jpg","sizes":{"thumbnail":{"file":"Bonzes-dans-le-public-150x99.jpg","width":"150","height":"99","source_url":"https:\/\/proceskhmersrouges.net\/wp-content\/uploads\/2011\/07\/Bonzes-dans-le-public-150x99.jpg"},"medium":{"file":"Bonzes-dans-le-public-300x199.jpg","width":"300","height":"199","source_url":"https:\/\/proceskhmersrouges.net\/wp-content\/uploads\/2011\/07\/Bonzes-dans-le-public-300x199.jpg"},"full":{"file":"Bonzes-dans-le-public.jpg","width":500,"height":333,"mime_type":"image\/jpeg","source_url":"https:\/\/proceskhmersrouges.net\/wp-content\/uploads\/2011\/07\/Bonzes-dans-le-public.jpg"}},"image_meta":{"aperture":"2.8","credit":"MARK PETERS","camera":"NIKON D3","caption":"","created_timestamp":"1309425607","copyright":"MARK PETERS","focal_length":"300","iso":"1600","shutter_speed":"0.016666666666667","title":""}},"post":1302,"source_url":"https:\/\/proceskhmersrouges.net\/wp-content\/uploads\/2011\/07\/Bonzes-dans-le-public.jpg","_links":{"self":[{"href":"https:\/\/proceskhmersrouges.net\/index.php?rest_route=\/wp\/v2\/media\/1303"}],"collection":[{"href":"https:\/\/proceskhmersrouges.net\/index.php?rest_route=\/wp\/v2\/media"}],"about":[{"href":"https:\/\/proceskhmersrouges.net\/index.php?rest_route=\/wp\/v2\/types\/attachment"}],"author":[{"embeddable":true,"href":"https:\/\/proceskhmersrouges.net\/index.php?rest_route=\/wp\/v2\/users\/1"}],"replies":[{"embeddable":true,"href":"https:\/\/proceskhmersrouges.net\/index.php?rest_route=%2Fwp%2Fv2%2Fcomments&post=1303"}]}}

<p>A chaque journée d&rsquo;audience, des groupes de bonzes viennent écouter les débats. Mercredi 29 juin, ils ont entre autres entendu les demandes de réparations des parties civiles. (CETC)</p>
