{"id":1331,"date":"2011-09-10T19:03:17","date_gmt":"2011-09-10T12:03:17","guid":{"rendered":"http:\/\/proceskhmersrouges.net\/wp-content\/uploads\/2011\/09\/blog-c\u00e9r\u00e9monie-66-bonzes.jpg"},"modified":"2011-09-10T19:03:17","modified_gmt":"2011-09-10T12:03:17","slug":"blog-ceremonie-66-bonzes","status":"inherit","type":"attachment","link":"https:\/\/proceskhmersrouges.net\/?attachment_id=1331","title":{"rendered":"blog c\u00e9r\u00e9monie 66 bonzes"},"author":1,"comment_status":"open","ping_status":"open","template":"","meta":[],"description":{"rendered":"<p class=\"attachment\"><a href='https:\/\/proceskhmersrouges.net\/wp-content\/uploads\/2011\/09\/blog-c\u00e9r\u00e9monie-66-bonzes.jpg'><img width=\"300\" height=\"200\" src=\"https:\/\/proceskhmersrouges.net\/wp-content\/uploads\/2011\/09\/blog-c\u00e9r\u00e9monie-66-bonzes-300x200.jpg\" class=\"attachment-medium size-medium\" alt=\"\" loading=\"lazy\" srcset=\"https:\/\/proceskhmersrouges.net\/wp-content\/uploads\/2011\/09\/blog-c\u00e9r\u00e9monie-66-bonzes-300x200.jpg 300w, https:\/\/proceskhmersrouges.net\/wp-content\/uploads\/2011\/09\/blog-c\u00e9r\u00e9monie-66-bonzes-150x100.jpg 150w, https:\/\/proceskhmersrouges.net\/wp-content\/uploads\/2011\/09\/blog-c\u00e9r\u00e9monie-66-bonzes.jpg 450w\" sizes=\"100vw\" \/><\/a><\/p>\n"},"caption":{"rendered":"<p>Samedi 10 septembre 2011. Une c\u00e9r\u00e9monie a eu lieu au domicile de Vann Nath, avec 66 bonzes, \u00e0 la veille de son incin\u00e9ration. (Anne-Laure Por\u00e9e)<\/p>\n"},"alt_text":"","media_type":"image","mime_type":"image\/jpeg","media_details":{"width":"450","height":"300","hwstring_small":"height='85' width='128'","file":"2011\/09\/blog-c\u00e9r\u00e9monie-66-bonzes.jpg","sizes":{"thumbnail":{"file":"blog-c\u00e9r\u00e9monie-66-bonzes-150x100.jpg","width":"150","height":"100","source_url":"https:\/\/proceskhmersrouges.net\/wp-content\/uploads\/2011\/09\/blog-c\u00e9r\u00e9monie-66-bonzes-150x100.jpg"},"medium":{"file":"blog-c\u00e9r\u00e9monie-66-bonzes-300x200.jpg","width":"300","height":"200","source_url":"https:\/\/proceskhmersrouges.net\/wp-content\/uploads\/2011\/09\/blog-c\u00e9r\u00e9monie-66-bonzes-300x200.jpg"},"full":{"file":"blog-c\u00e9r\u00e9monie-66-bonzes.jpg","width":450,"height":300,"mime_type":"image\/jpeg","source_url":"https:\/\/proceskhmersrouges.net\/wp-content\/uploads\/2011\/09\/blog-c\u00e9r\u00e9monie-66-bonzes.jpg"}},"image_meta":{"aperture":"1.4","credit":"","camera":"Canon EOS 5D Mark II","caption":"","created_timestamp":"1347202414","copyright":"","focal_length":"35","iso":"400","shutter_speed":"0.0025","title":""}},"post":1330,"source_url":"https:\/\/proceskhmersrouges.net\/wp-content\/uploads\/2011\/09\/blog-c\u00e9r\u00e9monie-66-bonzes.jpg","_links":{"self":[{"href":"https:\/\/proceskhmersrouges.net\/index.php?rest_route=\/wp\/v2\/media\/1331"}],"collection":[{"href":"https:\/\/proceskhmersrouges.net\/index.php?rest_route=\/wp\/v2\/media"}],"about":[{"href":"https:\/\/proceskhmersrouges.net\/index.php?rest_route=\/wp\/v2\/types\/attachment"}],"author":[{"embeddable":true,"href":"https:\/\/proceskhmersrouges.net\/index.php?rest_route=\/wp\/v2\/users\/1"}],"replies":[{"embeddable":true,"href":"https:\/\/proceskhmersrouges.net\/index.php?rest_route=%2Fwp%2Fv2%2Fcomments&post=1331"}]}}

http://proceskhmersrouges.net/wp-content/uploads/2011/09/blog-cérémonie-66-bonzes.jpg

blog cérémonie 66 bonzes

<p class="attachment"><a href='https://proceskhmersrouges.net/wp-content/uploads/2011/09/blog-cérémonie-66-bonzes.jpg'><img width="300" height="200" src="https://proceskhmersrouges.net/wp-content/uploads/2011/09/blog-cérémonie-66-bonzes-300x200.jpg" class="attachment-medium size-medium" alt="" loading="lazy" srcset="https://proceskhmersrouges.net/wp-content/uploads/2011/09/blog-cérémonie-66-bonzes-300x200.jpg 300w, https://proceskhmersrouges.net/wp-content/uploads/2011/09/blog-cérémonie-66-bonzes-150x100.jpg 150w, https://proceskhmersrouges.net/wp-content/uploads/2011/09/blog-cérémonie-66-bonzes.jpg 450w" sizes="100vw" /></a></p>

<p>Samedi 10 septembre 2011. Une cérémonie a eu lieu au domicile de Vann Nath, avec 66 bonzes, à la veille de son incinération. (Anne-Laure Porée)</p>

2011/09/blog-cérémonie-66-bonzes.jpg

blog-cérémonie-66-bonzes-150x100.jpg

https://proceskhmersrouges.net/wp-content/uploads/2011/09/blog-cérémonie-66-bonzes-150x100.jpg

blog-cérémonie-66-bonzes-300x200.jpg

https://proceskhmersrouges.net/wp-content/uploads/2011/09/blog-cérémonie-66-bonzes-300x200.jpg

blog-cérémonie-66-bonzes.jpg

https://proceskhmersrouges.net/wp-content/uploads/2011/09/blog-cérémonie-66-bonzes.jpg
