{"id":1337,"date":"2011-09-10T19:13:22","date_gmt":"2011-09-10T12:13:22","guid":{"rendered":"http:\/\/proceskhmersrouges.net\/wp-content\/uploads\/2011\/09\/Blog-photo-Vann-Nath-couronne.jpg"},"modified":"2011-09-10T19:13:22","modified_gmt":"2011-09-10T12:13:22","slug":"blog-photo-vann-nath-couronne","status":"inherit","type":"attachment","link":"https:\/\/proceskhmersrouges.net\/?attachment_id=1337","title":{"rendered":"Blog photo Vann Nath couronne"},"author":1,"comment_status":"open","ping_status":"open","template":"","meta":[],"description":{"rendered":"<p class=\"attachment\"><a href='https:\/\/proceskhmersrouges.net\/wp-content\/uploads\/2011\/09\/Blog-photo-Vann-Nath-couronne.jpg'><img width=\"300\" height=\"200\" src=\"https:\/\/proceskhmersrouges.net\/wp-content\/uploads\/2011\/09\/Blog-photo-Vann-Nath-couronne-300x200.jpg\" class=\"attachment-medium size-medium\" alt=\"\" loading=\"lazy\" srcset=\"https:\/\/proceskhmersrouges.net\/wp-content\/uploads\/2011\/09\/Blog-photo-Vann-Nath-couronne-300x200.jpg 300w, https:\/\/proceskhmersrouges.net\/wp-content\/uploads\/2011\/09\/Blog-photo-Vann-Nath-couronne-150x100.jpg 150w, https:\/\/proceskhmersrouges.net\/wp-content\/uploads\/2011\/09\/Blog-photo-Vann-Nath-couronne.jpg 450w\" sizes=\"100vw\" \/><\/a><\/p>\n"},"caption":{"rendered":"<p>Quelques jours avant son arr\u00eat cardiaque, Vann Nath participait \u00e0 un atelier de gravure o\u00f9 cette photo a \u00e9t\u00e9 prise. Il \u00e9tait un artiste curieux, heureux d&rsquo;apprendre et de partager. (Anne-Laure Por\u00e9e)<\/p>\n"},"alt_text":"","media_type":"image","mime_type":"image\/jpeg","media_details":{"width":"450","height":"300","hwstring_small":"height='85' width='128'","file":"2011\/09\/Blog-photo-Vann-Nath-couronne.jpg","sizes":{"thumbnail":{"file":"Blog-photo-Vann-Nath-couronne-150x100.jpg","width":"150","height":"100","source_url":"https:\/\/proceskhmersrouges.net\/wp-content\/uploads\/2011\/09\/Blog-photo-Vann-Nath-couronne-150x100.jpg"},"medium":{"file":"Blog-photo-Vann-Nath-couronne-300x200.jpg","width":"300","height":"200","source_url":"https:\/\/proceskhmersrouges.net\/wp-content\/uploads\/2011\/09\/Blog-photo-Vann-Nath-couronne-300x200.jpg"},"full":{"file":"Blog-photo-Vann-Nath-couronne.jpg","width":450,"height":300,"mime_type":"image\/jpeg","source_url":"https:\/\/proceskhmersrouges.net\/wp-content\/uploads\/2011\/09\/Blog-photo-Vann-Nath-couronne.jpg"}},"image_meta":{"aperture":"4","credit":"","camera":"Canon EOS 5D Mark II","caption":"","created_timestamp":"1346841400","copyright":"","focal_length":"85","iso":"800","shutter_speed":"0.025","title":""}},"post":1330,"source_url":"https:\/\/proceskhmersrouges.net\/wp-content\/uploads\/2011\/09\/Blog-photo-Vann-Nath-couronne.jpg","_links":{"self":[{"href":"https:\/\/proceskhmersrouges.net\/index.php?rest_route=\/wp\/v2\/media\/1337"}],"collection":[{"href":"https:\/\/proceskhmersrouges.net\/index.php?rest_route=\/wp\/v2\/media"}],"about":[{"href":"https:\/\/proceskhmersrouges.net\/index.php?rest_route=\/wp\/v2\/types\/attachment"}],"author":[{"embeddable":true,"href":"https:\/\/proceskhmersrouges.net\/index.php?rest_route=\/wp\/v2\/users\/1"}],"replies":[{"embeddable":true,"href":"https:\/\/proceskhmersrouges.net\/index.php?rest_route=%2Fwp%2Fv2%2Fcomments&post=1337"}]}}

<p>Quelques jours avant son arrêt cardiaque, Vann Nath participait à un atelier de gravure où cette photo a été prise. Il était un artiste curieux, heureux d&rsquo;apprendre et de partager. (Anne-Laure Porée)</p>
