{"id":1460,"date":"2011-10-28T17:43:08","date_gmt":"2011-10-28T10:43:08","guid":{"rendered":"http:\/\/proceskhmersrouges.net\/wp-content\/uploads\/2011\/10\/ESF-19-10-2011.jpg"},"modified":"2011-10-28T17:43:08","modified_gmt":"2011-10-28T10:43:08","slug":"esf-19-10-2011","status":"inherit","type":"attachment","link":"https:\/\/proceskhmersrouges.net\/?attachment_id=1460","title":{"rendered":"ESF 19-10-2011"},"author":1,"comment_status":"open","ping_status":"open","template":"","meta":[],"description":{"rendered":"<p class=\"attachment\"><a href='https:\/\/proceskhmersrouges.net\/wp-content\/uploads\/2011\/10\/ESF-19-10-2011.jpg'><img width=\"300\" height=\"225\" src=\"https:\/\/proceskhmersrouges.net\/wp-content\/uploads\/2011\/10\/ESF-19-10-2011-300x225.jpg\" class=\"attachment-medium size-medium\" alt=\"\" loading=\"lazy\" srcset=\"https:\/\/proceskhmersrouges.net\/wp-content\/uploads\/2011\/10\/ESF-19-10-2011-300x225.jpg 300w, https:\/\/proceskhmersrouges.net\/wp-content\/uploads\/2011\/10\/ESF-19-10-2011-150x112.jpg 150w, https:\/\/proceskhmersrouges.net\/wp-content\/uploads\/2011\/10\/ESF-19-10-2011.jpg 400w\" sizes=\"100vw\" \/><\/a><\/p>\n"},"caption":{"rendered":"<p>Elisabeth Simmoneau-Fort, co-avocate principale, d\u00e9clare que \u00ab\u00a0chaque partie civile doit avoir l&rsquo;impression qu&rsquo;elle re\u00e7oit une forme d&rsquo;indemnisation qui att\u00e9nue sa souffrance\u00a0\u00bb. C&rsquo;est d&rsquo;autant plus vrai, insiste-t-elle que le proc\u00e8s \u00e9tant scind\u00e9 en plusieurs, toutes les parties civiles ne participeront pas aux audiences. (Anne-Laure Por\u00e9e) <\/p>\n"},"alt_text":"","media_type":"image","mime_type":"image\/jpeg","media_details":{"width":"400","height":"300","hwstring_small":"height='96' width='128'","file":"2011\/10\/ESF-19-10-2011.jpg","sizes":{"thumbnail":{"file":"ESF-19-10-2011-150x112.jpg","width":"150","height":"112","source_url":"https:\/\/proceskhmersrouges.net\/wp-content\/uploads\/2011\/10\/ESF-19-10-2011-150x112.jpg"},"medium":{"file":"ESF-19-10-2011-300x225.jpg","width":"300","height":"225","source_url":"https:\/\/proceskhmersrouges.net\/wp-content\/uploads\/2011\/10\/ESF-19-10-2011-300x225.jpg"},"full":{"file":"ESF-19-10-2011.jpg","width":400,"height":300,"mime_type":"image\/jpeg","source_url":"https:\/\/proceskhmersrouges.net\/wp-content\/uploads\/2011\/10\/ESF-19-10-2011.jpg"}},"image_meta":{"aperture":"2.8","credit":"","camera":"Canon PowerShot G9","caption":"","created_timestamp":"1203277327","copyright":"","focal_length":"7.4","iso":"100","shutter_speed":"0.016666666666667","title":""}},"post":1456,"source_url":"https:\/\/proceskhmersrouges.net\/wp-content\/uploads\/2011\/10\/ESF-19-10-2011.jpg","_links":{"self":[{"href":"https:\/\/proceskhmersrouges.net\/index.php?rest_route=\/wp\/v2\/media\/1460"}],"collection":[{"href":"https:\/\/proceskhmersrouges.net\/index.php?rest_route=\/wp\/v2\/media"}],"about":[{"href":"https:\/\/proceskhmersrouges.net\/index.php?rest_route=\/wp\/v2\/types\/attachment"}],"author":[{"embeddable":true,"href":"https:\/\/proceskhmersrouges.net\/index.php?rest_route=\/wp\/v2\/users\/1"}],"replies":[{"embeddable":true,"href":"https:\/\/proceskhmersrouges.net\/index.php?rest_route=%2Fwp%2Fv2%2Fcomments&post=1460"}]}}

<p>Elisabeth Simmoneau-Fort, co-avocate principale, déclare que « chaque partie civile doit avoir l&rsquo;impression qu&rsquo;elle reçoit une forme d&rsquo;indemnisation qui atténue sa souffrance ». C&rsquo;est d&rsquo;autant plus vrai, insiste-t-elle que le procès étant scindé en plusieurs, toutes les parties civiles ne participeront pas aux audiences. (Anne-Laure Porée) </p>
