{"id":1472,"date":"2011-10-30T14:10:12","date_gmt":"2011-10-30T07:10:12","guid":{"rendered":"http:\/\/proceskhmersrouges.net\/wp-content\/uploads\/2011\/10\/Ieng-Thirith-19-oct-2011.jpg"},"modified":"2011-10-30T14:10:12","modified_gmt":"2011-10-30T07:10:12","slug":"ieng-thirith-19-oct-2011","status":"inherit","type":"attachment","link":"https:\/\/proceskhmersrouges.net\/?attachment_id=1472","title":{"rendered":"Ieng Thirith &#8211; 19 oct 2011"},"author":1,"comment_status":"open","ping_status":"open","template":"","meta":[],"description":{"rendered":"<p class=\"attachment\"><a href='https:\/\/proceskhmersrouges.net\/wp-content\/uploads\/2011\/10\/Ieng-Thirith-19-oct-2011.jpg'><img width=\"300\" height=\"185\" src=\"https:\/\/proceskhmersrouges.net\/wp-content\/uploads\/2011\/10\/Ieng-Thirith-19-oct-2011-300x185.jpg\" class=\"attachment-medium size-medium\" alt=\"\" loading=\"lazy\" srcset=\"https:\/\/proceskhmersrouges.net\/wp-content\/uploads\/2011\/10\/Ieng-Thirith-19-oct-2011-300x185.jpg 300w, https:\/\/proceskhmersrouges.net\/wp-content\/uploads\/2011\/10\/Ieng-Thirith-19-oct-2011-150x92.jpg 150w, https:\/\/proceskhmersrouges.net\/wp-content\/uploads\/2011\/10\/Ieng-Thirith-19-oct-2011.jpg 450w\" sizes=\"100vw\" \/><\/a><\/p>\n"},"caption":{"rendered":"<p>Le d\u00e9bat des derni\u00e8res audiences portait sur l&rsquo;\u00e9tat de sant\u00e9 de Ieng Thirith, ancienne ministre khm\u00e8re rouge des Affaires sociales photographi\u00e9e ici le 19 octobre 2011. (CETC)<\/p>\n"},"alt_text":"","media_type":"image","mime_type":"image\/jpeg","media_details":{"width":"450","height":"278","hwstring_small":"height='79' width='128'","file":"2011\/10\/Ieng-Thirith-19-oct-2011.jpg","sizes":{"thumbnail":{"file":"Ieng-Thirith-19-oct-2011-150x92.jpg","width":"150","height":"92","source_url":"https:\/\/proceskhmersrouges.net\/wp-content\/uploads\/2011\/10\/Ieng-Thirith-19-oct-2011-150x92.jpg"},"medium":{"file":"Ieng-Thirith-19-oct-2011-300x185.jpg","width":"300","height":"185","source_url":"https:\/\/proceskhmersrouges.net\/wp-content\/uploads\/2011\/10\/Ieng-Thirith-19-oct-2011-300x185.jpg"},"full":{"file":"Ieng-Thirith-19-oct-2011.jpg","width":450,"height":278,"mime_type":"image\/jpeg","source_url":"https:\/\/proceskhmersrouges.net\/wp-content\/uploads\/2011\/10\/Ieng-Thirith-19-oct-2011.jpg"}},"image_meta":{"aperture":"0","credit":"","camera":"","caption":"","created_timestamp":"0","copyright":"","focal_length":"0","iso":"0","shutter_speed":"0","title":""}},"post":1468,"source_url":"https:\/\/proceskhmersrouges.net\/wp-content\/uploads\/2011\/10\/Ieng-Thirith-19-oct-2011.jpg","_links":{"self":[{"href":"https:\/\/proceskhmersrouges.net\/index.php?rest_route=\/wp\/v2\/media\/1472"}],"collection":[{"href":"https:\/\/proceskhmersrouges.net\/index.php?rest_route=\/wp\/v2\/media"}],"about":[{"href":"https:\/\/proceskhmersrouges.net\/index.php?rest_route=\/wp\/v2\/types\/attachment"}],"author":[{"embeddable":true,"href":"https:\/\/proceskhmersrouges.net\/index.php?rest_route=\/wp\/v2\/users\/1"}],"replies":[{"embeddable":true,"href":"https:\/\/proceskhmersrouges.net\/index.php?rest_route=%2Fwp%2Fv2%2Fcomments&post=1472"}]}}

<p>Le débat des dernières audiences portait sur l&rsquo;état de santé de Ieng Thirith, ancienne ministre khmère rouge des Affaires sociales photographiée ici le 19 octobre 2011. (CETC)</p>
