{"id":1513,"date":"2011-11-22T10:03:47","date_gmt":"2011-11-22T03:03:47","guid":{"rendered":"http:\/\/proceskhmersrouges.net\/wp-content\/uploads\/2011\/11\/CEk1-20-nov-20111.jpg"},"modified":"2011-11-22T10:03:47","modified_gmt":"2011-11-22T03:03:47","slug":"cek1-20-nov-2011-2","status":"inherit","type":"attachment","link":"https:\/\/proceskhmersrouges.net\/?attachment_id=1513","title":{"rendered":"CEk1-20 nov 2011"},"author":1,"comment_status":"open","ping_status":"open","template":"","meta":[],"description":{"rendered":"<p class=\"attachment\"><a href='https:\/\/proceskhmersrouges.net\/wp-content\/uploads\/2011\/11\/CEk1-20-nov-20111.jpg'><img width=\"225\" height=\"300\" src=\"https:\/\/proceskhmersrouges.net\/wp-content\/uploads\/2011\/11\/CEk1-20-nov-20111-225x300.jpg\" class=\"attachment-medium size-medium\" alt=\"\" loading=\"lazy\" srcset=\"https:\/\/proceskhmersrouges.net\/wp-content\/uploads\/2011\/11\/CEk1-20-nov-20111-225x300.jpg 225w, https:\/\/proceskhmersrouges.net\/wp-content\/uploads\/2011\/11\/CEk1-20-nov-20111-112x150.jpg 112w, https:\/\/proceskhmersrouges.net\/wp-content\/uploads\/2011\/11\/CEk1-20-nov-20111.jpg 400w\" sizes=\"100vw\" \/><\/a><\/p>\n"},"caption":{"rendered":"<p>Recueillement au charnier de Ch\u0153ung Ek \u00e0 la veille de l&rsquo;ouverture des audiences au fond. (Anne-Laure Por\u00e9e)<\/p>\n"},"alt_text":"","media_type":"image","mime_type":"image\/jpeg","media_details":{"width":"400","height":"533","hwstring_small":"height='96' width='72'","file":"2011\/11\/CEk1-20-nov-20111.jpg","sizes":{"thumbnail":{"file":"CEk1-20-nov-20111-112x150.jpg","width":"112","height":"150","source_url":"https:\/\/proceskhmersrouges.net\/wp-content\/uploads\/2011\/11\/CEk1-20-nov-20111-112x150.jpg"},"medium":{"file":"CEk1-20-nov-20111-225x300.jpg","width":"225","height":"300","source_url":"https:\/\/proceskhmersrouges.net\/wp-content\/uploads\/2011\/11\/CEk1-20-nov-20111-225x300.jpg"},"full":{"file":"CEk1-20-nov-20111.jpg","width":400,"height":533,"mime_type":"image\/jpeg","source_url":"https:\/\/proceskhmersrouges.net\/wp-content\/uploads\/2011\/11\/CEk1-20-nov-20111.jpg"}},"image_meta":{"aperture":"4","credit":"","camera":"Canon PowerShot G9","caption":"","created_timestamp":"1321780929","copyright":"","focal_length":"25.033","iso":"80","shutter_speed":"0.002","title":""}},"post":1510,"source_url":"https:\/\/proceskhmersrouges.net\/wp-content\/uploads\/2011\/11\/CEk1-20-nov-20111.jpg","_links":{"self":[{"href":"https:\/\/proceskhmersrouges.net\/index.php?rest_route=\/wp\/v2\/media\/1513"}],"collection":[{"href":"https:\/\/proceskhmersrouges.net\/index.php?rest_route=\/wp\/v2\/media"}],"about":[{"href":"https:\/\/proceskhmersrouges.net\/index.php?rest_route=\/wp\/v2\/types\/attachment"}],"author":[{"embeddable":true,"href":"https:\/\/proceskhmersrouges.net\/index.php?rest_route=\/wp\/v2\/users\/1"}],"replies":[{"embeddable":true,"href":"https:\/\/proceskhmersrouges.net\/index.php?rest_route=%2Fwp%2Fv2%2Fcomments&post=1513"}]}}

<p>Recueillement au charnier de Chœung Ek à la veille de l&rsquo;ouverture des audiences au fond. (Anne-Laure Porée)</p>
