{"id":1529,"date":"2011-11-23T23:56:05","date_gmt":"2011-11-23T16:56:05","guid":{"rendered":"http:\/\/proceskhmersrouges.net\/wp-content\/uploads\/2011\/11\/Khieu-Samphan-1.jpg"},"modified":"2011-11-23T23:56:05","modified_gmt":"2011-11-23T16:56:05","slug":"khieu-samphan-1","status":"inherit","type":"attachment","link":"https:\/\/proceskhmersrouges.net\/?attachment_id=1529","title":{"rendered":"Khieu Samphan 1"},"author":1,"comment_status":"open","ping_status":"open","template":"","meta":[],"description":{"rendered":"<p class=\"attachment\"><a href='https:\/\/proceskhmersrouges.net\/wp-content\/uploads\/2011\/11\/Khieu-Samphan-1.jpg'><img width=\"300\" height=\"225\" src=\"https:\/\/proceskhmersrouges.net\/wp-content\/uploads\/2011\/11\/Khieu-Samphan-1-300x225.jpg\" class=\"attachment-medium size-medium\" alt=\"\" loading=\"lazy\" srcset=\"https:\/\/proceskhmersrouges.net\/wp-content\/uploads\/2011\/11\/Khieu-Samphan-1-300x225.jpg 300w, https:\/\/proceskhmersrouges.net\/wp-content\/uploads\/2011\/11\/Khieu-Samphan-1-150x112.jpg 150w, https:\/\/proceskhmersrouges.net\/wp-content\/uploads\/2011\/11\/Khieu-Samphan-1.jpg 500w\" sizes=\"100vw\" \/><\/a><\/p>\n"},"caption":{"rendered":"<p>Khieu Samphan a succ\u00e9d\u00e9 \u00e0 Norodom Sihanouk \u00e0 la pr\u00e9sidence du Praesidium du Kampuchea d\u00e9mocratique en 1976. L&rsquo;\u00e9quivalent du statut de chef de l&rsquo;Etat sans \u00eatre dot\u00e9 des m\u00eames pouvoirs. (Anne-Laure Por\u00e9e)<\/p>\n"},"alt_text":"","media_type":"image","mime_type":"image\/jpeg","media_details":{"width":"500","height":"375","hwstring_small":"height='96' width='128'","file":"2011\/11\/Khieu-Samphan-1.jpg","sizes":{"thumbnail":{"file":"Khieu-Samphan-1-150x112.jpg","width":"150","height":"112","source_url":"https:\/\/proceskhmersrouges.net\/wp-content\/uploads\/2011\/11\/Khieu-Samphan-1-150x112.jpg"},"medium":{"file":"Khieu-Samphan-1-300x225.jpg","width":"300","height":"225","source_url":"https:\/\/proceskhmersrouges.net\/wp-content\/uploads\/2011\/11\/Khieu-Samphan-1-300x225.jpg"},"full":{"file":"Khieu-Samphan-1.jpg","width":500,"height":375,"mime_type":"image\/jpeg","source_url":"https:\/\/proceskhmersrouges.net\/wp-content\/uploads\/2011\/11\/Khieu-Samphan-1.jpg"}},"image_meta":{"aperture":"4.5","credit":"","camera":"Canon PowerShot G9","caption":"","created_timestamp":"1322041632","copyright":"","focal_length":"36.781","iso":"200","shutter_speed":"0.016666666666667","title":""}},"post":1528,"source_url":"https:\/\/proceskhmersrouges.net\/wp-content\/uploads\/2011\/11\/Khieu-Samphan-1.jpg","_links":{"self":[{"href":"https:\/\/proceskhmersrouges.net\/index.php?rest_route=\/wp\/v2\/media\/1529"}],"collection":[{"href":"https:\/\/proceskhmersrouges.net\/index.php?rest_route=\/wp\/v2\/media"}],"about":[{"href":"https:\/\/proceskhmersrouges.net\/index.php?rest_route=\/wp\/v2\/types\/attachment"}],"author":[{"embeddable":true,"href":"https:\/\/proceskhmersrouges.net\/index.php?rest_route=\/wp\/v2\/users\/1"}],"replies":[{"embeddable":true,"href":"https:\/\/proceskhmersrouges.net\/index.php?rest_route=%2Fwp%2Fv2%2Fcomments&post=1529"}]}}

<p>Khieu Samphan a succédé à Norodom Sihanouk à la présidence du Praesidium du Kampuchea démocratique en 1976. L&rsquo;équivalent du statut de chef de l&rsquo;Etat sans être doté des mêmes pouvoirs. (Anne-Laure Porée)</p>
