{"id":1530,"date":"2011-11-24T00:01:35","date_gmt":"2011-11-23T17:01:35","guid":{"rendered":"http:\/\/proceskhmersrouges.net\/wp-content\/uploads\/2011\/11\/Khieu-Samphan-2.jpg"},"modified":"2011-11-24T00:01:35","modified_gmt":"2011-11-23T17:01:35","slug":"khieu-samphan-2","status":"inherit","type":"attachment","link":"https:\/\/proceskhmersrouges.net\/?attachment_id=1530","title":{"rendered":"Khieu Samphan 2"},"author":1,"comment_status":"open","ping_status":"open","template":"","meta":[],"description":{"rendered":"<p class=\"attachment\"><a href='https:\/\/proceskhmersrouges.net\/wp-content\/uploads\/2011\/11\/Khieu-Samphan-2.jpg'><img width=\"300\" height=\"225\" src=\"https:\/\/proceskhmersrouges.net\/wp-content\/uploads\/2011\/11\/Khieu-Samphan-2-300x225.jpg\" class=\"attachment-medium size-medium\" alt=\"\" loading=\"lazy\" srcset=\"https:\/\/proceskhmersrouges.net\/wp-content\/uploads\/2011\/11\/Khieu-Samphan-2-300x225.jpg 300w, https:\/\/proceskhmersrouges.net\/wp-content\/uploads\/2011\/11\/Khieu-Samphan-2-150x112.jpg 150w, https:\/\/proceskhmersrouges.net\/wp-content\/uploads\/2011\/11\/Khieu-Samphan-2.jpg 400w\" sizes=\"100vw\" \/><\/a><\/p>\n"},"caption":{"rendered":"<p>Khieu Samphan se tourne vers le public \u00e0 qui il semble s&rsquo;adresser au d\u00e9but de sa d\u00e9claration. (Anne-Laure Por\u00e9e)<\/p>\n"},"alt_text":"","media_type":"image","mime_type":"image\/jpeg","media_details":{"width":"400","height":"300","hwstring_small":"height='96' width='128'","file":"2011\/11\/Khieu-Samphan-2.jpg","sizes":{"thumbnail":{"file":"Khieu-Samphan-2-150x112.jpg","width":"150","height":"112","source_url":"https:\/\/proceskhmersrouges.net\/wp-content\/uploads\/2011\/11\/Khieu-Samphan-2-150x112.jpg"},"medium":{"file":"Khieu-Samphan-2-300x225.jpg","width":"300","height":"225","source_url":"https:\/\/proceskhmersrouges.net\/wp-content\/uploads\/2011\/11\/Khieu-Samphan-2-300x225.jpg"},"full":{"file":"Khieu-Samphan-2.jpg","width":400,"height":300,"mime_type":"image\/jpeg","source_url":"https:\/\/proceskhmersrouges.net\/wp-content\/uploads\/2011\/11\/Khieu-Samphan-2.jpg"}},"image_meta":{"aperture":"4","credit":"","camera":"Canon PowerShot G9","caption":"","created_timestamp":"1322041008","copyright":"","focal_length":"29.167","iso":"200","shutter_speed":"0.0125","title":""}},"post":1528,"source_url":"https:\/\/proceskhmersrouges.net\/wp-content\/uploads\/2011\/11\/Khieu-Samphan-2.jpg","_links":{"self":[{"href":"https:\/\/proceskhmersrouges.net\/index.php?rest_route=\/wp\/v2\/media\/1530"}],"collection":[{"href":"https:\/\/proceskhmersrouges.net\/index.php?rest_route=\/wp\/v2\/media"}],"about":[{"href":"https:\/\/proceskhmersrouges.net\/index.php?rest_route=\/wp\/v2\/types\/attachment"}],"author":[{"embeddable":true,"href":"https:\/\/proceskhmersrouges.net\/index.php?rest_route=\/wp\/v2\/users\/1"}],"replies":[{"embeddable":true,"href":"https:\/\/proceskhmersrouges.net\/index.php?rest_route=%2Fwp%2Fv2%2Fcomments&post=1530"}]}}

<p>Khieu Samphan se tourne vers le public à qui il semble s&rsquo;adresser au début de sa déclaration. (Anne-Laure Porée)</p>
