{"id":1531,"date":"2011-11-24T00:03:26","date_gmt":"2011-11-23T17:03:26","guid":{"rendered":"http:\/\/proceskhmersrouges.net\/wp-content\/uploads\/2011\/11\/Khieu-Samphan-3.jpg"},"modified":"2011-11-24T00:03:26","modified_gmt":"2011-11-23T17:03:26","slug":"khieu-samphan-3","status":"inherit","type":"attachment","link":"https:\/\/proceskhmersrouges.net\/?attachment_id=1531","title":{"rendered":"Khieu Samphan 3"},"author":1,"comment_status":"open","ping_status":"open","template":"","meta":[],"description":{"rendered":"<p class=\"attachment\"><a href='https:\/\/proceskhmersrouges.net\/wp-content\/uploads\/2011\/11\/Khieu-Samphan-3.jpg'><img width=\"300\" height=\"225\" src=\"https:\/\/proceskhmersrouges.net\/wp-content\/uploads\/2011\/11\/Khieu-Samphan-3-300x225.jpg\" class=\"attachment-medium size-medium\" alt=\"\" loading=\"lazy\" srcset=\"https:\/\/proceskhmersrouges.net\/wp-content\/uploads\/2011\/11\/Khieu-Samphan-3-300x225.jpg 300w, https:\/\/proceskhmersrouges.net\/wp-content\/uploads\/2011\/11\/Khieu-Samphan-3-150x112.jpg 150w, https:\/\/proceskhmersrouges.net\/wp-content\/uploads\/2011\/11\/Khieu-Samphan-3.jpg 400w\" sizes=\"100vw\" \/><\/a><\/p>\n"},"caption":{"rendered":"<p>Khieu Samphan dit au procureur : \u00ab\u00a0En vous \u00e9coutant accumuler les impr\u00e9cisions et les petits arrangements avec la v\u00e9rit\u00e9, j\u2019ai eu le sentiment que vous voulez ma t\u00eate \u00e0 tout prix, m\u00eame si cela doit passer par une justice exp\u00e9ditive, m\u00eame si une justice exp\u00e9ditive serait une insulte aux victimes que vous pr\u00e9tendez d\u00e9fendre\u00a0\u00bb. (Anne-Laure Por\u00e9e)<\/p>\n"},"alt_text":"","media_type":"image","mime_type":"image\/jpeg","media_details":{"width":"400","height":"300","hwstring_small":"height='96' width='128'","file":"2011\/11\/Khieu-Samphan-3.jpg","sizes":{"thumbnail":{"file":"Khieu-Samphan-3-150x112.jpg","width":"150","height":"112","source_url":"https:\/\/proceskhmersrouges.net\/wp-content\/uploads\/2011\/11\/Khieu-Samphan-3-150x112.jpg"},"medium":{"file":"Khieu-Samphan-3-300x225.jpg","width":"300","height":"225","source_url":"https:\/\/proceskhmersrouges.net\/wp-content\/uploads\/2011\/11\/Khieu-Samphan-3-300x225.jpg"},"full":{"file":"Khieu-Samphan-3.jpg","width":400,"height":300,"mime_type":"image\/jpeg","source_url":"https:\/\/proceskhmersrouges.net\/wp-content\/uploads\/2011\/11\/Khieu-Samphan-3.jpg"}},"image_meta":{"aperture":"4.5","credit":"","camera":"Canon PowerShot G9","caption":"","created_timestamp":"1322041494","copyright":"","focal_length":"36.781","iso":"200","shutter_speed":"0.033333333333333","title":""}},"post":1528,"source_url":"https:\/\/proceskhmersrouges.net\/wp-content\/uploads\/2011\/11\/Khieu-Samphan-3.jpg","_links":{"self":[{"href":"https:\/\/proceskhmersrouges.net\/index.php?rest_route=\/wp\/v2\/media\/1531"}],"collection":[{"href":"https:\/\/proceskhmersrouges.net\/index.php?rest_route=\/wp\/v2\/media"}],"about":[{"href":"https:\/\/proceskhmersrouges.net\/index.php?rest_route=\/wp\/v2\/types\/attachment"}],"author":[{"embeddable":true,"href":"https:\/\/proceskhmersrouges.net\/index.php?rest_route=\/wp\/v2\/users\/1"}],"replies":[{"embeddable":true,"href":"https:\/\/proceskhmersrouges.net\/index.php?rest_route=%2Fwp%2Fv2%2Fcomments&post=1531"}]}}

<p>Khieu Samphan dit au procureur : « En vous écoutant accumuler les imprécisions et les petits arrangements avec la vérité, j’ai eu le sentiment que vous voulez ma tête à tout prix, même si cela doit passer par une justice expéditive, même si une justice expéditive serait une insulte aux victimes que vous prétendez défendre ». (Anne-Laure Porée)</p>
