{"id":1559,"date":"2011-11-24T16:07:25","date_gmt":"2011-11-24T09:07:25","guid":{"rendered":"http:\/\/proceskhmersrouges.net\/wp-content\/uploads\/2011\/11\/Nuon-Chea3-22-nov-2011.jpg"},"modified":"2011-11-24T16:07:25","modified_gmt":"2011-11-24T09:07:25","slug":"nuon-chea3-22-nov-2011","status":"inherit","type":"attachment","link":"https:\/\/proceskhmersrouges.net\/?attachment_id=1559","title":{"rendered":"Nuon Chea3 22 nov 2011"},"author":1,"comment_status":"open","ping_status":"open","template":"","meta":[],"description":{"rendered":"<p class=\"attachment\"><a href='https:\/\/proceskhmersrouges.net\/wp-content\/uploads\/2011\/11\/Nuon-Chea3-22-nov-2011.jpg'><img width=\"300\" height=\"225\" src=\"https:\/\/proceskhmersrouges.net\/wp-content\/uploads\/2011\/11\/Nuon-Chea3-22-nov-2011-300x225.jpg\" class=\"attachment-medium size-medium\" alt=\"\" loading=\"lazy\" srcset=\"https:\/\/proceskhmersrouges.net\/wp-content\/uploads\/2011\/11\/Nuon-Chea3-22-nov-2011-300x225.jpg 300w, https:\/\/proceskhmersrouges.net\/wp-content\/uploads\/2011\/11\/Nuon-Chea3-22-nov-2011-150x112.jpg 150w, https:\/\/proceskhmersrouges.net\/wp-content\/uploads\/2011\/11\/Nuon-Chea3-22-nov-2011.jpg 500w\" sizes=\"100vw\" \/><\/a><\/p>\n"},"caption":{"rendered":"<p>Nuon Chea lors de sa longue d\u00e9claration au d\u00e9but de son proc\u00e8s. (Anne-Laure Por\u00e9e)<\/p>\n"},"alt_text":"","media_type":"image","mime_type":"image\/jpeg","media_details":{"width":"500","height":"375","hwstring_small":"height='96' width='128'","file":"2011\/11\/Nuon-Chea3-22-nov-2011.jpg","sizes":{"thumbnail":{"file":"Nuon-Chea3-22-nov-2011-150x112.jpg","width":"150","height":"112","source_url":"https:\/\/proceskhmersrouges.net\/wp-content\/uploads\/2011\/11\/Nuon-Chea3-22-nov-2011-150x112.jpg"},"medium":{"file":"Nuon-Chea3-22-nov-2011-300x225.jpg","width":"300","height":"225","source_url":"https:\/\/proceskhmersrouges.net\/wp-content\/uploads\/2011\/11\/Nuon-Chea3-22-nov-2011-300x225.jpg"},"full":{"file":"Nuon-Chea3-22-nov-2011.jpg","width":500,"height":375,"mime_type":"image\/jpeg","source_url":"https:\/\/proceskhmersrouges.net\/wp-content\/uploads\/2011\/11\/Nuon-Chea3-22-nov-2011.jpg"}},"image_meta":{"aperture":"3.5","credit":"","camera":"Canon PowerShot G9","caption":"","created_timestamp":"1321970468","copyright":"","focal_length":"21.966","iso":"200","shutter_speed":"0.016666666666667","title":""}},"post":1558,"source_url":"https:\/\/proceskhmersrouges.net\/wp-content\/uploads\/2011\/11\/Nuon-Chea3-22-nov-2011.jpg","_links":{"self":[{"href":"https:\/\/proceskhmersrouges.net\/index.php?rest_route=\/wp\/v2\/media\/1559"}],"collection":[{"href":"https:\/\/proceskhmersrouges.net\/index.php?rest_route=\/wp\/v2\/media"}],"about":[{"href":"https:\/\/proceskhmersrouges.net\/index.php?rest_route=\/wp\/v2\/types\/attachment"}],"author":[{"embeddable":true,"href":"https:\/\/proceskhmersrouges.net\/index.php?rest_route=\/wp\/v2\/users\/1"}],"replies":[{"embeddable":true,"href":"https:\/\/proceskhmersrouges.net\/index.php?rest_route=%2Fwp%2Fv2%2Fcomments&post=1559"}]}}

<p>Nuon Chea lors de sa longue déclaration au début de son procès. (Anne-Laure Porée)</p>
