{"id":1594,"date":"2011-12-05T20:55:06","date_gmt":"2011-12-05T13:55:06","guid":{"rendered":"http:\/\/proceskhmersrouges.net\/wp-content\/uploads\/2011\/12\/arch-recolte-riz-2-09-07-09.jpg"},"modified":"2011-12-05T20:55:06","modified_gmt":"2011-12-05T13:55:06","slug":"arch-recolte-riz-2-09-07-09-2","status":"inherit","type":"attachment","link":"https:\/\/proceskhmersrouges.net\/?attachment_id=1594","title":{"rendered":"arch-recolte-riz-2-09-07-09"},"author":1,"comment_status":"open","ping_status":"open","template":"","meta":[],"description":{"rendered":"<p class=\"attachment\"><a href='https:\/\/proceskhmersrouges.net\/wp-content\/uploads\/2011\/12\/arch-recolte-riz-2-09-07-09.jpg'><img width=\"300\" height=\"227\" src=\"https:\/\/proceskhmersrouges.net\/wp-content\/uploads\/2011\/12\/arch-recolte-riz-2-09-07-09-300x227.jpg\" class=\"attachment-medium size-medium\" alt=\"\" loading=\"lazy\" srcset=\"https:\/\/proceskhmersrouges.net\/wp-content\/uploads\/2011\/12\/arch-recolte-riz-2-09-07-09-300x227.jpg 300w, https:\/\/proceskhmersrouges.net\/wp-content\/uploads\/2011\/12\/arch-recolte-riz-2-09-07-09-150x113.jpg 150w, https:\/\/proceskhmersrouges.net\/wp-content\/uploads\/2011\/12\/arch-recolte-riz-2-09-07-09.jpg 400w\" sizes=\"100vw\" \/><\/a><\/p>\n"},"caption":{"rendered":"<p>La collectivisation de l&rsquo;agriculture, une mesure planifi\u00e9e d\u00e8s 1972. (Direction du cin\u00e9ma du Cambodge)<\/p>\n"},"alt_text":"","media_type":"image","mime_type":"image\/jpeg","media_details":{"width":"400","height":"303","hwstring_small":"height='96' width='128'","file":"2011\/12\/arch-recolte-riz-2-09-07-09.jpg","sizes":{"thumbnail":{"file":"arch-recolte-riz-2-09-07-09-150x113.jpg","width":"150","height":"113","source_url":"https:\/\/proceskhmersrouges.net\/wp-content\/uploads\/2011\/12\/arch-recolte-riz-2-09-07-09-150x113.jpg"},"medium":{"file":"arch-recolte-riz-2-09-07-09-300x227.jpg","width":"300","height":"227","source_url":"https:\/\/proceskhmersrouges.net\/wp-content\/uploads\/2011\/12\/arch-recolte-riz-2-09-07-09-300x227.jpg"},"full":{"file":"arch-recolte-riz-2-09-07-09.jpg","width":400,"height":303,"mime_type":"image\/jpeg","source_url":"https:\/\/proceskhmersrouges.net\/wp-content\/uploads\/2011\/12\/arch-recolte-riz-2-09-07-09.jpg"}},"image_meta":{"aperture":"0","credit":"","camera":"","caption":"","created_timestamp":"0","copyright":"","focal_length":"0","iso":"0","shutter_speed":"0","title":""}},"post":1576,"source_url":"https:\/\/proceskhmersrouges.net\/wp-content\/uploads\/2011\/12\/arch-recolte-riz-2-09-07-09.jpg","_links":{"self":[{"href":"https:\/\/proceskhmersrouges.net\/index.php?rest_route=\/wp\/v2\/media\/1594"}],"collection":[{"href":"https:\/\/proceskhmersrouges.net\/index.php?rest_route=\/wp\/v2\/media"}],"about":[{"href":"https:\/\/proceskhmersrouges.net\/index.php?rest_route=\/wp\/v2\/types\/attachment"}],"author":[{"embeddable":true,"href":"https:\/\/proceskhmersrouges.net\/index.php?rest_route=\/wp\/v2\/users\/1"}],"replies":[{"embeddable":true,"href":"https:\/\/proceskhmersrouges.net\/index.php?rest_route=%2Fwp%2Fv2%2Fcomments&post=1594"}]}}

<p>La collectivisation de l&rsquo;agriculture, une mesure planifiée dès 1972. (Direction du cinéma du Cambodge)</p>
