{"id":1600,"date":"2011-12-06T21:17:24","date_gmt":"2011-12-06T14:17:24","guid":{"rendered":"http:\/\/proceskhmersrouges.net\/wp-content\/uploads\/2011\/12\/enfants-au-tribunal.jpg"},"modified":"2011-12-06T21:17:24","modified_gmt":"2011-12-06T14:17:24","slug":"enfants-au-tribunal","status":"inherit","type":"attachment","link":"https:\/\/proceskhmersrouges.net\/?attachment_id=1600","title":{"rendered":"enfants au tribunal"},"author":1,"comment_status":"open","ping_status":"open","template":"","meta":[],"description":{"rendered":"<p class=\"attachment\"><a href='https:\/\/proceskhmersrouges.net\/wp-content\/uploads\/2011\/12\/enfants-au-tribunal.jpg'><img width=\"300\" height=\"175\" src=\"https:\/\/proceskhmersrouges.net\/wp-content\/uploads\/2011\/12\/enfants-au-tribunal-300x175.jpg\" class=\"attachment-medium size-medium\" alt=\"\" loading=\"lazy\" srcset=\"https:\/\/proceskhmersrouges.net\/wp-content\/uploads\/2011\/12\/enfants-au-tribunal-300x175.jpg 300w, https:\/\/proceskhmersrouges.net\/wp-content\/uploads\/2011\/12\/enfants-au-tribunal-150x87.jpg 150w, https:\/\/proceskhmersrouges.net\/wp-content\/uploads\/2011\/12\/enfants-au-tribunal.jpg 550w\" sizes=\"100vw\" \/><\/a><\/p>\n"},"caption":{"rendered":"<p>Les jeunes qui n&rsquo;ont pas v\u00e9cu le r\u00e9gime khmer rouge sont beaucoup plus r\u00e9ceptifs au discours de Nuon Chea que leurs a\u00een\u00e9s. Dans dix ou vingt ans, quelle version de l&rsquo;histoire retiendront ces enfants qui accompagnent aujourd&rsquo;hui leurs parents au tribunal et les attendent dans la cour ? (Anne-Laure Por\u00e9e)<\/p>\n"},"alt_text":"","media_type":"image","mime_type":"image\/jpeg","media_details":{"width":"550","height":"321","hwstring_small":"height='74' width='128'","file":"2011\/12\/enfants-au-tribunal.jpg","sizes":{"thumbnail":{"file":"enfants-au-tribunal-150x87.jpg","width":"150","height":"87","source_url":"https:\/\/proceskhmersrouges.net\/wp-content\/uploads\/2011\/12\/enfants-au-tribunal-150x87.jpg"},"medium":{"file":"enfants-au-tribunal-300x175.jpg","width":"300","height":"175","source_url":"https:\/\/proceskhmersrouges.net\/wp-content\/uploads\/2011\/12\/enfants-au-tribunal-300x175.jpg"},"full":{"file":"enfants-au-tribunal.jpg","width":550,"height":321,"mime_type":"image\/jpeg","source_url":"https:\/\/proceskhmersrouges.net\/wp-content\/uploads\/2011\/12\/enfants-au-tribunal.jpg"}},"image_meta":{"aperture":"4","credit":"","camera":"Canon PowerShot G9","caption":"","created_timestamp":"1323183100","copyright":"","focal_length":"7.4","iso":"80","shutter_speed":"0.0025","title":""}},"post":1599,"source_url":"https:\/\/proceskhmersrouges.net\/wp-content\/uploads\/2011\/12\/enfants-au-tribunal.jpg","_links":{"self":[{"href":"https:\/\/proceskhmersrouges.net\/index.php?rest_route=\/wp\/v2\/media\/1600"}],"collection":[{"href":"https:\/\/proceskhmersrouges.net\/index.php?rest_route=\/wp\/v2\/media"}],"about":[{"href":"https:\/\/proceskhmersrouges.net\/index.php?rest_route=\/wp\/v2\/types\/attachment"}],"author":[{"embeddable":true,"href":"https:\/\/proceskhmersrouges.net\/index.php?rest_route=\/wp\/v2\/users\/1"}],"replies":[{"embeddable":true,"href":"https:\/\/proceskhmersrouges.net\/index.php?rest_route=%2Fwp%2Fv2%2Fcomments&post=1600"}]}}

<p>Les jeunes qui n&rsquo;ont pas vécu le régime khmer rouge sont beaucoup plus réceptifs au discours de Nuon Chea que leurs aînés. Dans dix ou vingt ans, quelle version de l&rsquo;histoire retiendront ces enfants qui accompagnent aujourd&rsquo;hui leurs parents au tribunal et les attendent dans la cour ? (Anne-Laure Porée)</p>
