{"id":1606,"date":"2011-12-06T21:44:35","date_gmt":"2011-12-06T14:44:35","guid":{"rendered":"http:\/\/proceskhmersrouges.net\/wp-content\/uploads\/2011\/12\/100-jours-Vann-Nath.jpg"},"modified":"2011-12-06T21:44:35","modified_gmt":"2011-12-06T14:44:35","slug":"100-jours-vann-nath","status":"inherit","type":"attachment","link":"https:\/\/proceskhmersrouges.net\/?attachment_id=1606","title":{"rendered":"100 jours Vann Nath"},"author":1,"comment_status":"open","ping_status":"open","template":"","meta":[],"description":{"rendered":"<p class=\"attachment\"><a href='https:\/\/proceskhmersrouges.net\/wp-content\/uploads\/2011\/12\/100-jours-Vann-Nath.jpg'><img width=\"300\" height=\"225\" src=\"https:\/\/proceskhmersrouges.net\/wp-content\/uploads\/2011\/12\/100-jours-Vann-Nath-300x225.jpg\" class=\"attachment-medium size-medium\" alt=\"\" loading=\"lazy\" srcset=\"https:\/\/proceskhmersrouges.net\/wp-content\/uploads\/2011\/12\/100-jours-Vann-Nath-300x225.jpg 300w, https:\/\/proceskhmersrouges.net\/wp-content\/uploads\/2011\/12\/100-jours-Vann-Nath-150x112.jpg 150w, https:\/\/proceskhmersrouges.net\/wp-content\/uploads\/2011\/12\/100-jours-Vann-Nath.jpg 450w\" sizes=\"100vw\" \/><\/a><\/p>\n"},"caption":{"rendered":"<p>C\u00e9r\u00e9monie des 100 jours en hommage \u00e0 Vann Nath. (Anne-Laure Por\u00e9e)<\/p>\n"},"alt_text":"","media_type":"image","mime_type":"image\/jpeg","media_details":{"width":"450","height":"338","hwstring_small":"height='96' width='128'","file":"2011\/12\/100-jours-Vann-Nath.jpg","sizes":{"thumbnail":{"file":"100-jours-Vann-Nath-150x112.jpg","width":"150","height":"112","source_url":"https:\/\/proceskhmersrouges.net\/wp-content\/uploads\/2011\/12\/100-jours-Vann-Nath-150x112.jpg"},"medium":{"file":"100-jours-Vann-Nath-300x225.jpg","width":"300","height":"225","source_url":"https:\/\/proceskhmersrouges.net\/wp-content\/uploads\/2011\/12\/100-jours-Vann-Nath-300x225.jpg"},"full":{"file":"100-jours-Vann-Nath.jpg","width":450,"height":338,"mime_type":"image\/jpeg","source_url":"https:\/\/proceskhmersrouges.net\/wp-content\/uploads\/2011\/12\/100-jours-Vann-Nath.jpg"}},"image_meta":{"aperture":"2.8","credit":"","camera":"Canon PowerShot G9","caption":"","created_timestamp":"1323190793","copyright":"","focal_length":"7.4","iso":"200","shutter_speed":"0.04","title":""}},"post":1605,"source_url":"https:\/\/proceskhmersrouges.net\/wp-content\/uploads\/2011\/12\/100-jours-Vann-Nath.jpg","_links":{"self":[{"href":"https:\/\/proceskhmersrouges.net\/index.php?rest_route=\/wp\/v2\/media\/1606"}],"collection":[{"href":"https:\/\/proceskhmersrouges.net\/index.php?rest_route=\/wp\/v2\/media"}],"about":[{"href":"https:\/\/proceskhmersrouges.net\/index.php?rest_route=\/wp\/v2\/types\/attachment"}],"author":[{"embeddable":true,"href":"https:\/\/proceskhmersrouges.net\/index.php?rest_route=\/wp\/v2\/users\/1"}],"replies":[{"embeddable":true,"href":"https:\/\/proceskhmersrouges.net\/index.php?rest_route=%2Fwp%2Fv2%2Fcomments&post=1606"}]}}

<p>Cérémonie des 100 jours en hommage à Vann Nath. (Anne-Laure Porée)</p>
