{"id":1673,"date":"2012-02-04T08:17:39","date_gmt":"2012-02-04T01:17:39","guid":{"rendered":"http:\/\/proceskhmersrouges.net\/wp-content\/uploads\/2012\/02\/Blog-Chum-Mey-verdict.jpg"},"modified":"2012-02-04T08:17:39","modified_gmt":"2012-02-04T01:17:39","slug":"blog-chum-mey-verdict","status":"inherit","type":"attachment","link":"https:\/\/proceskhmersrouges.net\/?attachment_id=1673","title":{"rendered":"Blog Chum Mey verdict"},"author":1,"comment_status":"open","ping_status":"open","template":"","meta":[],"description":{"rendered":"<p class=\"attachment\"><a href='https:\/\/proceskhmersrouges.net\/wp-content\/uploads\/2012\/02\/Blog-Chum-Mey-verdict.jpg'><img width=\"300\" height=\"225\" src=\"https:\/\/proceskhmersrouges.net\/wp-content\/uploads\/2012\/02\/Blog-Chum-Mey-verdict-300x225.jpg\" class=\"attachment-medium size-medium\" alt=\"\" loading=\"lazy\" srcset=\"https:\/\/proceskhmersrouges.net\/wp-content\/uploads\/2012\/02\/Blog-Chum-Mey-verdict-300x225.jpg 300w, https:\/\/proceskhmersrouges.net\/wp-content\/uploads\/2012\/02\/Blog-Chum-Mey-verdict-150x112.jpg 150w, https:\/\/proceskhmersrouges.net\/wp-content\/uploads\/2012\/02\/Blog-Chum-Mey-verdict.jpg 500w\" sizes=\"100vw\" \/><\/a><\/p>\n"},"caption":{"rendered":"<p>Chum Mey d\u00e9borde de joie apr\u00e8s le verdict. (Anne-Laure Por\u00e9e)<\/p>\n"},"alt_text":"","media_type":"image","mime_type":"image\/jpeg","media_details":{"width":"500","height":"375","hwstring_small":"height='96' width='128'","file":"2012\/02\/Blog-Chum-Mey-verdict.jpg","sizes":{"thumbnail":{"file":"Blog-Chum-Mey-verdict-150x112.jpg","width":"150","height":"112","source_url":"https:\/\/proceskhmersrouges.net\/wp-content\/uploads\/2012\/02\/Blog-Chum-Mey-verdict-150x112.jpg"},"medium":{"file":"Blog-Chum-Mey-verdict-300x225.jpg","width":"300","height":"225","source_url":"https:\/\/proceskhmersrouges.net\/wp-content\/uploads\/2012\/02\/Blog-Chum-Mey-verdict-300x225.jpg"},"full":{"file":"Blog-Chum-Mey-verdict.jpg","width":500,"height":375,"mime_type":"image\/jpeg","source_url":"https:\/\/proceskhmersrouges.net\/wp-content\/uploads\/2012\/02\/Blog-Chum-Mey-verdict.jpg"}},"image_meta":{"aperture":"4","credit":"","camera":"Canon PowerShot G9","caption":"","created_timestamp":"1328272081","copyright":"","focal_length":"7.4","iso":"80","shutter_speed":"0.0125","title":""}},"post":1672,"source_url":"https:\/\/proceskhmersrouges.net\/wp-content\/uploads\/2012\/02\/Blog-Chum-Mey-verdict.jpg","_links":{"self":[{"href":"https:\/\/proceskhmersrouges.net\/index.php?rest_route=\/wp\/v2\/media\/1673"}],"collection":[{"href":"https:\/\/proceskhmersrouges.net\/index.php?rest_route=\/wp\/v2\/media"}],"about":[{"href":"https:\/\/proceskhmersrouges.net\/index.php?rest_route=\/wp\/v2\/types\/attachment"}],"author":[{"embeddable":true,"href":"https:\/\/proceskhmersrouges.net\/index.php?rest_route=\/wp\/v2\/users\/1"}],"replies":[{"embeddable":true,"href":"https:\/\/proceskhmersrouges.net\/index.php?rest_route=%2Fwp%2Fv2%2Fcomments&post=1673"}]}}

<p>Chum Mey déborde de joie après le verdict. (Anne-Laure Porée)</p>
