{"id":1674,"date":"2012-02-04T08:19:18","date_gmt":"2012-02-04T01:19:18","guid":{"rendered":"http:\/\/proceskhmersrouges.net\/wp-content\/uploads\/2012\/02\/Blog-verdict-duch2.jpg"},"modified":"2012-02-04T08:19:18","modified_gmt":"2012-02-04T01:19:18","slug":"blog-verdict-duch2","status":"inherit","type":"attachment","link":"https:\/\/proceskhmersrouges.net\/?attachment_id=1674","title":{"rendered":"Blog verdict duch2"},"author":1,"comment_status":"open","ping_status":"open","template":"","meta":[],"description":{"rendered":"<p class=\"attachment\"><a href='https:\/\/proceskhmersrouges.net\/wp-content\/uploads\/2012\/02\/Blog-verdict-duch2.jpg'><img width=\"300\" height=\"225\" src=\"https:\/\/proceskhmersrouges.net\/wp-content\/uploads\/2012\/02\/Blog-verdict-duch2-300x225.jpg\" class=\"attachment-medium size-medium\" alt=\"\" loading=\"lazy\" srcset=\"https:\/\/proceskhmersrouges.net\/wp-content\/uploads\/2012\/02\/Blog-verdict-duch2-300x225.jpg 300w, https:\/\/proceskhmersrouges.net\/wp-content\/uploads\/2012\/02\/Blog-verdict-duch2-150x112.jpg 150w, https:\/\/proceskhmersrouges.net\/wp-content\/uploads\/2012\/02\/Blog-verdict-duch2.jpg 500w\" sizes=\"100vw\" \/><\/a><\/p>\n"},"caption":{"rendered":"<p>Duch, le visage sombre. Il \u00e9coute debout le verdict d\u00e9finitif qui le condamne \u00e0 la prison \u00e0 perp\u00e9tuit\u00e9. (Anne-Laure Por\u00e9e) <\/p>\n"},"alt_text":"","media_type":"image","mime_type":"image\/jpeg","media_details":{"width":"500","height":"375","hwstring_small":"height='96' width='128'","file":"2012\/02\/Blog-verdict-duch2.jpg","sizes":{"thumbnail":{"file":"Blog-verdict-duch2-150x112.jpg","width":"150","height":"112","source_url":"https:\/\/proceskhmersrouges.net\/wp-content\/uploads\/2012\/02\/Blog-verdict-duch2-150x112.jpg"},"medium":{"file":"Blog-verdict-duch2-300x225.jpg","width":"300","height":"225","source_url":"https:\/\/proceskhmersrouges.net\/wp-content\/uploads\/2012\/02\/Blog-verdict-duch2-300x225.jpg"},"full":{"file":"Blog-verdict-duch2.jpg","width":500,"height":375,"mime_type":"image\/jpeg","source_url":"https:\/\/proceskhmersrouges.net\/wp-content\/uploads\/2012\/02\/Blog-verdict-duch2.jpg"}},"image_meta":{"aperture":"4","credit":"","camera":"Canon PowerShot G9","caption":"","created_timestamp":"1328269021","copyright":"","focal_length":"29.167","iso":"200","shutter_speed":"0.02","title":""}},"post":1672,"source_url":"https:\/\/proceskhmersrouges.net\/wp-content\/uploads\/2012\/02\/Blog-verdict-duch2.jpg","_links":{"self":[{"href":"https:\/\/proceskhmersrouges.net\/index.php?rest_route=\/wp\/v2\/media\/1674"}],"collection":[{"href":"https:\/\/proceskhmersrouges.net\/index.php?rest_route=\/wp\/v2\/media"}],"about":[{"href":"https:\/\/proceskhmersrouges.net\/index.php?rest_route=\/wp\/v2\/types\/attachment"}],"author":[{"embeddable":true,"href":"https:\/\/proceskhmersrouges.net\/index.php?rest_route=\/wp\/v2\/users\/1"}],"replies":[{"embeddable":true,"href":"https:\/\/proceskhmersrouges.net\/index.php?rest_route=%2Fwp%2Fv2%2Fcomments&post=1674"}]}}

<p>Duch, le visage sombre. Il écoute debout le verdict définitif qui le condamne à la prison à perpétuité. (Anne-Laure Porée) </p>
